1 - (-2 - 2). Let z be -1 + (36 - (-2 + q)). Let k(h) = 18*h + 5 + 2 - z*h + 16*h. What is k(5)?
-18
Let s = 1831 + -1822. Let x(f) = 5*f**3 + 3*f**2 - f - 3. Let l(g) = -g**3 + g**2. Let i(m) = -6*l(m) - x(m). Give i(s).
12
Let i(y) be the third derivative of -9*y**5/20 + 20*y**2 - 54*y. Give i(1).
-27
Suppose 5*r - 7 = -4*w - 0*w, -2 = w + 5*r. Let v(a) = w - a**2 - 8*a + a + 2*a. Suppose -5*f - 40 = 3*f. Calculate v(f).
3
Let z(h) = 3*h**3 - 9*h**2 - 8*h + 49. Let w(l) = -17*l**3 + 49*l**2 + 43*l - 245. Let d(c) = 2*w(c) + 11*z(c). What is d(0)?
49
Let t = -70 - -30. Let f = -36 - t. Suppose 5*i = 3*i - f*h + 18, 3*h = i + 16. Let g(z) = 3*z**3. What is g(i)?
-3
Let q(y) be the third derivative of 5*y**4/24 - 19*y**3/6 - 745*y**2. Determine q(6).
11
Let y = -34 + 38. Let x(l) = 10*l**2 - 3 + l**3 - y*l**2 + 3*l - 9 + 7. Let w be (-1)/(-2) + 33/(-6). Determine x(w).
5
Suppose 0 = 3*k - 2*f - 23, 924*k = 921*k + 5*f + 26. Let l(g) = 2*g**2 - 12*g - 11. Give l(k).
3
Let k(d) = -d**3 + 63*d**2 - 812*d + 80. Let z be k(45). Let c(a) = 7 + a + a**3 + 10*a**2 - a + a. What is c(z)?
-3
Let b be -3 - 1/(-2)*10. Suppose -b*f = -f + 5. Let w(d) = -d + 1. Let i(o) = -o**2 - 6*o - 8. Let s(h) = -i(h) - 2*w(h). Calculate s(f).
-9
Let u(d) = -4*d + 3*d - 4 - 3*d - d + 8*d. Give u(-3).
-13
Let i(k) be the first derivative of 4*k + 1/4*k**4 + 4 + 0*k**2 - 5/3*k**3. Suppose -4*b + 18 = 4*y + 2, 3*y + 4*b - 13 = 0. Determine i(y).
-14
Let d(x) = -x**2 + 12*x - 46. Let m(n) = -6*n**2 + 192*n + 207. Let v be m(33). Give d(v).
-19
Suppose c = 3*b + 13, 9*c + 5*b = 13*c - 24. Let r(m) = 47*m**2 + m - 1. Calculate r(c).
47
Let j(t) be the second derivative of -2*t**3 + 3*t**2 + t - 3234. Give j(2).
-18
Let j(y) = 34*y - 134. Let q(d) = -12*d - 1. Let r(u) = -j(u) - 5*q(u). Calculate r(-5).
9
Suppose -82*h + 196 = -2*j - 60*h, -3*j - h = -12. Let m(k) = 46*k**2 + 1. Calculate m(j).
47
Let z(h) = -78*h + 13. Let f be z(-2). Let m(r) = 5 - 170*r + 0 + f*r. What is m(-6)?
11
Suppose 0 = -8*w - 2*w - 3*w. Let f(l) = -5 + 3*l + w + 11 - 11. What is f(4)?
7
Let l be (526/(-2104))/((-1)/(0 - 68)). Let r(g) = 3*g + 25. Calculate r(l).
-26
Let b(a) = -3*a + 13. Let t be b(4). Let f(s) be the third derivative of -1/24*s**4 + 0*s**3 - 1/5*s**5 - 2*s**2 + 0*s + 0. Give f(t).
-13
Let n = 3 + 3. Let s(q) = 2 - 11096*q**2 - 11093*q**2 + 6*q + 22188*q**2. What is s(n)?
2
Let f(i) be the second derivative of 6*i - 1/4*i**4 - 1/3*i**3 - 1/2*i**2 - 1/20*i**5 + 0. Let k = 730 - 732. Calculate f(k).
-1
Let j(f) = -14*f**3 - f**2 + 2. Let h(c) = -c**3 + 3*c**2 + 417*c - 18. Let p be h(-19). Determine j(p).
-13
Let w(r) be the first derivative of -2*r**3/3 - 11*r**2/2 + 6*r + 485. Determine w(-5).
11
Let s(d) be the first derivative of 11*d**2/2 + 23*d - 1515. Determine s(-6).
-43
Suppose 61 + 137 = 33*y. Let j(c) = c - 12. Let h be j(y). Let p(v) be the second derivative of -v**4/12 - 2*v**3/3 + 3*v**2/2 - v. Calculate p(h).
-9
Let o(w) be the third derivative of -w**5/60 - 17*w**4/24 - 17*w**3/3 + 2157*w**2. What is o(-11)?
32
Let f be (-1)/(-4) + 11/4. Let w = 300 - 301. Let o(j) = 3*j. Let q(x) = 12*x - 3. Let s(d) = w*q(d) + 2*o(d). Determine s(f).
-15
Let r(s) be the first derivative of -3*s**2/2 + 24*s + 36. Let z(y) = 11*y - 221. Let c be z(21). What is r(c)?
-6
Let l(c) = -c**3 + 3*c**2 + c + 3. Let q be (4/(-3)*1)/(38/(-1197)). Suppose 46*k = 60*k - q. Determine l(k).
6
Let z(f) = -f**3 + 5*f**2 - 3*f + 3. Suppose -y - 5*y + 24 = 0. Let d be y/20*-302 + (-2)/(-5). Let j be (-5)/(d/(-9)) - 57/(-12). Give z(j).
7
Let j(q) = -3*q**3 + 51*q**2 - 3*q + 63. Let t be j(17). Let w(u) = 2*u**2 - 26*u + 2. Determine w(t).
-22
Let r be ((-78)/(-9))/(2/3). Let p = 8 - r. Let q(w) be the second derivative of -w**4/12 - 2*w**3/3 + 7*w**2/2 + 399*w. Calculate q(p).
2
Let p(g) = g**2 - 3*g. Let l = 5 - 0. Let z(r) = 7*r**2 + 6*r - 29. Let k(d) = -15*d**2 - 13*d + 58. Let s(q) = -6*k(q) - 13*z(q). Let h be s(l). Give p(h).
4
Let i(h) be the third derivative of -2*h**6/15 + h**5/60 + h**4/4 + 5*h**3/6 + h**2 - h + 19. Calculate i(-1).
16
Let j(n) = 11*n - 128. Let h be ((-81)/(-54))/(21/154). Determine j(h).
-7
Let p(r) be the third derivative of -1/120*r**6 + 3/8*r**4 + 1/3*r**3 + 0*r + 2/15*r**5 + 0 + 32*r**2. Let d be 6/(-4)*(-5 + -1). Determine p(d).
2
Let b(k) = 3*k + 3. Let t = 191 - 95. Let z be 3/(-8) + 516/t. Suppose z*j = l - 10, -10 = 5*j - 0*l + 2*l. Calculate b(j).
-3
Let r(l) = 52*l + 1. Let j(c) = 421*c + 12. Let a(d) = j(d) - 8*r(d). What is a(-5)?
-21
Let b be 140/(-55) + 2 - (-830)/110. Let h(i) = i**2 - 33*i + 187. Determine h(b).
5
Suppose -8*s + 15 = -3*s. Let u(f) = -f**3 + 5*f**2 - 7*f + 13. Let y be u(4). Let j(b) = s - b - 4 + y. Calculate j(2).
-2
Let w be 6/(-18) - (-26)/6. Let t(b) be the third derivative of -b**5/60 + b**4/6 - b**3/3 - 2*b**2 - 284*b - 15. Calculate t(w).
-2
Let v(j) = 2*j - 15. Let x be (6 - 6)/(-14)*(0 + -1). Suppose x = -4*n - 5*d + 11, 8*d - 3 = -2*n + 5*d. What is v(n)?
3
Suppose 15*y - 30 = 45. Let x be ((-3)/(-9))/(y/(-135)). Let a(o) = -o**2 - 12*o - 4. Determine a(x).
23
Let b(w) = -w**3 + 6*w**2 + 6*w - 6. Suppose l - 10 = 26*a - 29*a, -4*a - 3*l = -5. Let c be (-5)/(-1)*7*1/a. Give b(c).
-13
Let k be 3 + 0/((-6)/2) + 0. Let c(x) be the second derivative of x**4/12 - 5*x**3/6 + 2*x**2 - 17*x. Give c(k).
-2
Let k(z) be the second derivative of -z**4/12 - 7*z**3/6 + 5*z**2 - z + 6. Let r = -11 - -18. Suppose r*o - 28 = 11*o. Calculate k(o).
10
Suppose 0 = -3*o + 165 + 498. Let u = o + -225. Let w(h) = -3*h + 3. Give w(u).
15
Let p = -38893 - -38891. Let l(o) be the first derivative of -5*o**3/3 + o - 1. What is l(p)?
-19
Let p(f) = 3*f**2 - 10*f + 37. Let n(w) = w**2 - 6*w + 19. Let q(t) = -5*n(t) + 2*p(t). What is q(-11)?
-10
Let s(g) be the third derivative of -g**4/12 + g**3/2 + g**2 - 12. Let c(o) = 3*o - 1. Let b(p) = -c(p) - s(p). Give b(-5).
3
Let x = -6480 + 6486. Let l(g) = g. Let f(c) = -c**2 + 7*c. Let r(s) = -f(s) + 2*l(s). What is r(x)?
6
Let z(s) = -7*s**3 + s**2 + s - 1. Suppose 5*o - 2 = -27. Let t = 9 + o. Let x be (1/t)/((-8)/(-32)). Determine z(x).
-6
Let m(w) = -w + 21. Suppose -l - 54 + 83 = 2*q, 20 = 5*q - 5*l. Calculate m(q).
10
Let p(s) = 2*s**2 + 15*s + 26. Let t be p(-2). Suppose 3*m + 3*q - 15 = 0, -5*m + t = -2*q - 21. Let c(l) = -l**3 + 7*l**2 - 7*l + 1. Give c(m).
16
Let q(h) = -h**2 - 17*h - 21. Let w(d) = -d**2 - 25*d + 6. Let m be w(-22). Suppose -4*a - 4*b - m = a, -2*b - 28 = 2*a. Give q(a).
-5
Suppose -4*l = -5*h + 10, 1 = 2*h - 2*l - 3. Suppose 0 = -310*b + 324*b - 84. Let f(d) = -149*d**2 + 150*d**h + 13 + 17*d - b*d. Determine f(-9).
-5
Let w(l) = 2*l**2 + 2*l - 16. Let h be w(3). Let f(u) = -12*u + 89. What is f(h)?
-7
Let z(y) = 11*y**2 + 3 + y**3 + 21 - 20016*y + 20022*y. Determine z(-10).
64
Let j = -108 + 113. Let c(f) = -2*f + 16. Let z be c(j). Let s(q) = -8*q**2 + 9*q**2 + 11*q - 4*q - z. What is s(-8)?
2
Let g(v) = 34*v**2 - 21*v + 36. Let j(i) = 6*i**2 - 4*i + 6. Let r(f) = 6*g(f) - 33*j(f). Give r(-3).
54
Suppose 4*c = -0*c - 16. Let w be 1 + -2*(-2)/c. Let l(v) = v**2 - 3 - v**3 - 4 + 200*v - 201*v. What is l(w)?
-7
Suppose 87*n + 336 = 1815. Let v(i) = i**3 - 16*i**2 - 16*i - 25. Give v(n).
-8
Let i(x) = -x**3 + 14*x**2 - 45*x + 2. Let h be i(5). Let t(o) = -2 + 18*o**h - 18*o**2 + 3*o + o**2. Let w be (-5)/2 - 1/(-2). What is t(w)?
-4
Let f(r) = r**2 + 4*r - 4. Let w = -58 - -70. Let y(g) = 7 + 39*g - w*g**2 - g**3 - 74*g + 49*g. Let t be y(-13). Give f(t).
8
Let y(b) = -2*b**2 + 21*b - 3. Suppose -530 = -56*k + 3*k. Calculate y(k).
7
Let w be (3 - 395/(-10))*2. Let g = -89 + w. Let n(l) be the first derivative of l**4/4 + 4*l**3/3 + l**2 + 6*l - 3. Give n(g).
-2
Let h be -4 + ((-16)/(-10))/(1/5). Let o be 4 - (5 + -4)/1. Let d(v) = -3*v + 4*v**2 + 0 + 1 - o*v**2 - 3. Give d(h).
2
Let f(s) = -6*s + 26. Let g be f(8). Let x = -28 - g. Let h be (1/3)/(x/(-144)). Let r(n) = n**3 - 7*n**2 - 11*n + 10. Calculate r(h).
-14
Let s(v) = -v**3 + 11*v**2 + 6. Suppose -182 = 3*l - 653. Suppose -5*m = -5*k + 255, -k + 4*k - l = -m. Let j = k + -41. What is s(j)?
6
Let f(y) = 4*y - 175. Let q(p) = p**2 + 22*p - 963. Let v(o) = 11*f(o) - 2*q(o). Let m(j) = -j**2 + 8*j - 10. Let r be m(7). Give v(r).
